{"id":17,"date":"2024-05-10T13:53:07","date_gmt":"2024-05-10T13:53:07","guid":{"rendered":"https:\/\/fekjaerfikser.no\/?page_id=17"},"modified":"2025-12-05T12:43:59","modified_gmt":"2025-12-05T12:43:59","slug":"om-oss","status":"publish","type":"page","link":"https:\/\/fekjaerfikser.no\/","title":{"rendered":"Om oss"},"content":{"rendered":"\n<p>Vi leverer mekaniske tjenester og grunnarbeid med h\u00f8y faglig kvalitet og stor fleksibilitet. Arbeidet spenner fra bilservice, motorsportmekanikk og spesialmontering i varebiler til maskinf\u00f8ring og grunnarbeid p\u00e5 sm\u00e5 og mellomstore prosjekter. Vi kombinerer praktisk erfaring med moderne arbeidsmetoder og legger vekt p\u00e5 sikkerhet, n\u00f8yaktighet og gode l\u00f8sninger for kundene v\u00e5re.<\/p>\n","protected":false},"excerpt":{"rendered":"<p>Vi leverer mekaniske tjenester og grunnarbeid med h\u00f8y faglig kvalitet og stor fleksibilitet. Arbeidet spenner fra bilservice, motorsportmekanikk og spesialmontering i varebiler til maskinf\u00f8ring og grunnarbeid p\u00e5 sm\u00e5 og mellomstore prosjekter. Vi kombinerer praktisk erfaring med moderne arbeidsmetoder og legger vekt p\u00e5 sikkerhet, n\u00f8yaktighet og gode l\u00f8sninger for kundene v\u00e5re.<\/p>\n","protected":false},"author":1,"featured_media":0,"parent":0,"menu_order":0,"comment_status":"closed","ping_status":"closed","template":"","meta":{"footnotes":""},"class_list":["post-17","page","type-page","status-publish","hentry"],"_links":{"self":[{"href":"https:\/\/fekjaerfikser.no\/index.php?rest_route=\/wp\/v2\/pages\/17","targetHints":{"allow":["GET"]}}],"collection":[{"href":"https:\/\/fekjaerfikser.no\/index.php?rest_route=\/wp\/v2\/pages"}],"about":[{"href":"https:\/\/fekjaerfikser.no\/index.php?rest_route=\/wp\/v2\/types\/page"}],"author":[{"embeddable":true,"href":"https:\/\/fekjaerfikser.no\/index.php?rest_route=\/wp\/v2\/users\/1"}],"replies":[{"embeddable":true,"href":"https:\/\/fekjaerfikser.no\/index.php?rest_route=%2Fwp%2Fv2%2Fcomments&post=17"}],"version-history":[{"count":4,"href":"https:\/\/fekjaerfikser.no\/index.php?rest_route=\/wp\/v2\/pages\/17\/revisions"}],"predecessor-version":[{"id":73,"href":"https:\/\/fekjaerfikser.no\/index.php?rest_route=\/wp\/v2\/pages\/17\/revisions\/73"}],"wp:attachment":[{"href":"https:\/\/fekjaerfikser.no\/index.php?rest_route=%2Fwp%2Fv2%2Fmedia&parent=17"}],"curies":[{"name":"wp","href":"https:\/\/api.w.org\/{rel}","templated":true}]}}